 of 2802195?
1
What is the ten thousands digit of 3536892?
3
What is the units digit of 36906?
6
What is the ten thousands digit of 1514860?
1
What is the ten thousands digit of 159276?
5
What is the hundreds digit of 2109133?
1
What is the units digit of 215027?
7
What is the thousands digit of 5532131?
2
What is the ten thousands digit of 734254?
3
What is the hundreds digit of 8996779?
7
What is the units digit of 2653598?
8
What is the hundreds digit of 85029?
0
What is the hundred thousands digit of 19711581?
7
What is the thousands digit of 34514?
4
What is the hundreds digit of 29078512?
5
What is the ten thousands digit of 838589?
3
What is the hundreds digit of 3699705?
7
What is the hundred thousands digit of 448927?
4
What is the thousands digit of 197965?
7
What is the millions digit of 1351759?
1
What is the tens digit of 597392?
9
What is the hundreds digit of 673539?
5
What is the units digit of 231322?
2
What is the ten thousands digit of 19368371?
6
What is the ten thousands digit of 4508764?
0
What is the hundreds digit of 7723665?
6
What is the thousands digit of 170512?
0
What is the thousands digit of 1828906?
8
What is the ten thousands digit of 4062616?
6
What is the tens digit of 80793?
9
What is the ten thousands digit of 6589046?
8
What is the ten thousands digit of 1125870?
2
What is the hundreds digit of 1338447?
4
What is the units digit of 1151191?
1
What is the ten thousands digit of 209977?
0
What is the hundreds digit of 537763?
7
What is the thousands digit of 18313494?
3
What is the tens digit of 87437?
3
What is the ten millions digit of 12508357?
1
What is the tens digit of 126338?
3
What is the tens digit of 1063543?
4
What is the thousands digit of 367775?
7
What is the hundred thousands digit of 3219059?
2
What is the ten thousands digit of 979374?
7
What is the units digit of 730139?
9
What is the ten thousands digit of 3223029?
2
What is the thousands digit of 5571364?
1
What is the hundred thousands digit of 2968310?
9
What is the units digit of 926663?
3
What is the ten thousands digit of 3720584?
2
What is the hundreds digit of 815834?
8
What is the hundred thousands digit of 4782189?
7
What is the tens digit of 59724?
2
What is the hundred thousands digit of 3755424?
7
What is the ten millions digit of 22792538?
2
What is the hundreds digit of 27925926?
9
What is the units digit of 1516213?
3
What is the tens digit of 1033455?
5
What is the ten thousands digit of 70244?
7
What is the hundred thousands digit of 1546650?
5
What is the hundreds digit of 434860?
8
What is the thousands digit of 2717138?
7
What is the ten thousands digit of 869211?
6
What is the thousands digit of 3418500?
8
What is the hundreds digit of 228083?
0
What is the units digit of 1916136?
6
What is the ten thousands digit of 35061?
3
What is the hundreds digit of 22071?
0
What is the units digit of 89498?
8
What is the thousands digit of 643023?
3
What is the hundred thousands digit of 4644839?
6
What is the hundred thousands digit of 1581402?
5
What is the tens digit of 15365984?
8
What is the units digit of 855672?
2
What is the thousands digit of 4224547?
4
What is the hundred thousands digit of 437318?
4
What is the ten thousands digit of 492690?
9
What is the tens digit of 72627?
2
What is the millions digit of 16026383?
6
What is the thousands digit of 1990330?
0
What is the hundreds digit of 265468?
4
What is the hundred thousands digit of 404988?
4
What is the ten thousands digit of 5035234?
3
What is the tens digit of 335384?
8
What is the units digit of 307917?
7
What is the units digit of 257528?
8
What is the ten thousands digit of 810682?
1
What is the millions digit of 4127658?
4
What is the hundreds digit of 343984?
9
What is the hundreds digit of 1221537?
5
What is the hundreds digit of 12363256?
2
What is the ten thousands digit of 14288?
1
What is the hundred thousands digit of 3212391?
2
What is the hundreds digit of 6879780?
7
What is the ten thousands digit of 417991?
1
What is the ten thousands digit of 235713?
3
What is the hundreds digit of 458036?
0
What is the hundreds digit of 1985096?
0
What is the tens digit of 11689946?
4
What is the ten thousands digit of 4820671?
2
What is the hundred thousands digit of 423320?
4
What is the units digit of 142584?
4
What is the hundred thousands digit of 146733?
1
What is the units digit of 11766140?
0
What is the hundreds digit of 194436?
4
What is the millions digit of 4603049?
4
What is the hundred thousands digit of 2158507?
1
What is the thousands digit of 1348524?
8
What is the hundred thousands digit of 563388?
5
What is the hundred thousands digit of 4232352?
2
What is the units digit of 84537?
7
What is the units digit of 64780?
0
What is the hundreds digit of 2313583?
5
What is the ten thousands digit of 18920366?
2
What is the thousands digit of 5018100?
8
What is the hundreds digit of 994010?
0
What is the ten thousands digit of 1550360?
5
What is the hundreds digit of 5371624?
6
What is the hundreds digit of 2492741?
7
What is the ten thousands digit of 132007?
3
What is the ten thousands digit of 32341?
3
What is the thousands digit of 552064?
2
What is the ten thousands digit of 1469942?
6
What is the tens digit of 139508?
0
What is the units digit of 888167?
7
What is the units digit of 943446?
6
What is the hundred thousands digit of 1279342?
2
What is the thousands digit of 3677211?
7
What is the units digit of 1066061?
1
What is the hundreds digit of 500996?
9
What is the hundreds digit of 482860?
8
What is the ten thousands digit of 130432?
3
What is the ten thousands digit of 1746120?
4
What is the hundreds digit of 144958?
9
What is the hundred thousands digit of 1782920?
7
What is the units digit of 38286?
6
What is the hundred thousands digit of 2732702?
7
What is the hundred thousands digit of 17931985?
9
What is the thousands digit of 6242670?
2
What is the ten thousands digit of 9023365?
2
What is the tens digit of 1097122?
2
What is the units digit of 37554?
4
What is the hundred thousands digit of 4235049?
2
What is the ten thousands digit of 367893?
6
What is the hundreds digit of 491785?
7
What is the units digit of 524853?
3
What is the hundred thousands digit of 1537902?
5
What is the ten thousands digit of 220667?
2
What is the thousands digit of 669454?
9
What is the hundred thousands digit of 287500?
2
What is the hundreds digit of 924571?
5
What is the hundred thousands digit of 118606?
1
What is the ten thousands digit of 24561246?
6
What is the ten thousands digit of 1405456?
0
What is the tens digit of 1518991?
9
What is the thousands digit of 19675077?
5
What is the ten thousands digit of 4377158?
7
What is the ten thousands digit of 866377?
6
What is the thousands digit of 407824?
7
What is the hundreds digit of 688967?
9
What is the units digit of 13599446?
6
What is the hundreds digit of 21397231?
2
What is the hundreds digit of 402668?
6
What is the ten thousands digit of 881458?
8
What is the tens digit of 2638999?
9
What is the ten millions digit of 30070597?
3
What is the tens digit of 737043?
4
What is the ten thousands digit of 215975?
1
What is the hundred thousands digit of 1392429?
3
What is the hundreds digit of 515317?
3
What is the tens digit of 44696?
9
What is the hundreds digit of 15164393?
3
What is the ten thousands digit of 168347?
6
What is the ten thousands digit of 116272?
1
What is the hundreds digit of 23264282?
2
What is the thousands digit of 85827?
5
What is the units digit of 17348270?
0
What is the units digit of 20241810?
0
What is the hundreds digit of 30198679?
6
What is the ten thousands digit of 614681?
1
What is the units digit of 591558?
8
What is the hundreds digit of 4089?
0
What is the millions digit of 12173774?
2
What is the units digit of 29210?
0
What is the hundred thousands digit of 31721833?
7
What is the millions digit of 3084332?
3
What is the hundred thousands digit of 3424379?
4
What is the millions digit of 15141149?
5
What is the millions digit of 11345658?
1
What is the thousands digit of 2045581?
5
What is the ten millions digit of 14831018?
1
What is the tens digit of 321454?
5
What is the thousands digit of 331907?
1
What is the tens digit of 279305?
0
What i